f) = 1 + 6*f**3 - r*f + 32*f. What is t(1)?
7
Let d(x) = 7*x**3 + 2*x**2 - 9*x + 6. Let b(v) = 13*v**3 + 5*v**2 - 20*v + 13. Let y(r) = -4*b(r) + 9*d(r). Calculate y(2).
80
Let a be -2 + 5 + 378/27. Let m(i) = -27*i + 5*i + a*i. Give m(-2).
10
Suppose -f - 6*r - 10 = -r, 0 = -4*r - 12. Suppose -3*s + 8*s - 35 = f*x, -2*x - 14 = -5*s. Let a(c) = -c**3 - 7*c**2 + c + 2. What is a(x)?
-5
Let x(g) = -g**2 + 6. Let u = -16 - -16. Suppose u = 3*z - 9*z. Suppose 2*q + 3*m - 3 = z, 3*q + 2*m = -q + 2. What is x(q)?
6
Let l be 654 + (-9 - (-7 - 4)). Let u(g) = l*g - 327*g - 325*g - g**2. Determine u(6).
-12
Let g(z) = z**3 - 5*z**2 + 10*z - 11. Let i(m) = 8*m - 173. Let p be i(22). Give g(p).
1
Let i(o) be the second derivative of -1/2*o**2 + 0 - 1/6*o**3 - 7*o. What is i(4)?
-5
Let g(f) = f**3 - 5*f**2 - 5*f + 1. Let n(z) = 3*z**2 + 2*z - 21. Let m(l) = -6*l**2 - 4*l + 40. Let r(s) = -3*m(s) - 5*n(s). Let a be r(-3). Give g(a).
7
Let c = 277 - 276. Let k be (198/(-88))/(c*(-6)/8). Let a(n) = -2*n + 10. Let z(j) = -j + 5. Let p(q) = -3*a(q) + 5*z(q). Give p(k).
-2
Let i(c) = -c - 1. Let y be 1 - 0/(-8 + 5). Suppose -v = -4*f + y, -4*f - 4 = 4*v - 0*v. Let z be (f - -1 - 3)*84/(-24). Determine i(z).
-8
Let d be -3 + 0 + 3 - -11. Suppose -t - d = -13. Let u(q) = 49 - 48 - t*q**3 - q**3 + 6*q**2 + 2*q**3. Calculate u(6).
1
Let s(l) be the third derivative of l**6/240 - l**5/10 + l**4/24 - 2*l**3 + 2*l**2 - 127*l. Let c(y) be the second derivative of s(y). Give c(3).
-3
Let u be (-1)/(-2)*(3 + 4 + -21)*-1. Let f(t) = -t**3 + 7*t**2 + 3*t - 15. Calculate f(u).
6
Suppose -12 = -4*q - 0*q. Suppose -5*z + q = -3*s, 4*s = 6*s - 2*z - 2. Let c(d) = s*d - 2 + 1 + 1 - 1. What is c(6)?
23
Suppose 876 = -36*d + 48. Let v(r) = -7*r - 161. Calculate v(d).
0
Let b(k) be the first derivative of k**6/180 - k**5/40 - k**4/6 + 71*k**3 + 56. Let x(l) be the third derivative of b(l). What is x(5)?
31
Let l(z) be the third derivative of 0*z + 0 + 2/3*z**3 - 1/24*z**4 + 81*z**2. What is l(4)?
0
Let i(r) = -r + 8. Let o = 130 - 261. Let p = o - -134. Let c(k) = 3. Let u(d) = p*i(d) - 8*c(d). Determine u(-3).
9
Let j be ((-10)/50)/((-2)/110). Let p(m) = m**3 - 11*m**2 + 6. Let s be p(j). Let c(i) = 2 + 5*i + 2*i - s*i. Determine c(-4).
-2
Let y(d) = -d**3 - 4*d**2 + 21*d + 3. Let l be 1 + -5 + -3 + 140/140. What is y(l)?
-51
Let z(s) = -2*s**2 + 3*s - 13. Let q(j) = j**2 - 2*j + 7. Let x(n) = 11*q(n) + 6*z(n). Suppose -4*h = -2*r - 20, -29 = 5*r - 12*h + 9*h. What is x(r)?
-1
Let u be ((-16)/5 - -3)*-10. Let t(y) be the first derivative of y**3 - 1/4*y**4 + 0*y**2 - 12 + u*y. Determine t(3).
2
Let g(d) be the third derivative of d**7/315 + d**6/720 - 11*d**4/6 + d**3/6 + 87*d**2. Let h(b) be the second derivative of g(b). Calculate h(-1).
7
Let a(j) = -2491*j**2 - j - 4. Let p(h) = 8718*h**2 + 4*h + 13. Let y(d) = 7*a(d) + 2*p(d). Suppose -3*r + 12 = r. Determine y(r).
-8
Let i(z) = -197*z + 67. Let s(u) = 141*u - 45. Let k(w) = -5*i(w) - 7*s(w). What is k(-12)?
4
Let l(z) = 3*z**3 + 5*z**2 - 3*z - 7. Let a(b) = 3*b**3 + 6*b**2 - 3*b - 8. Let t(v) = -4*a(v) + 5*l(v). Let g be (12*8/48)/(-1). Determine t(g).
-17
Let c(g) = g**2 + 10*g + 2. Let w(y) = y**2 - 15*y - 25. Let o be w(16). Let z be c(o). Let x(j) = -j**2 - 5*j + 17. Determine x(z).
3
Let t(o) = -190*o - 947. Let x be t(-5). Let v be (-2)/(-6) + (-68)/(-12). Let i(p) = -v + 2 + 6*p - 8*p. What is i(x)?
-10
Let c(q) = -21 - 7 - 2 - q + 41. Let r = -19 + 27. Give c(r).
3
Let u(v) = -7*v - 2. Let t be u(-1). Let y(a) = -6 + 3*a - t + 5. Suppose 19 = 7*n - 9. Give y(n).
6
Let q(n) = n**2 + 11 + 7*n + 0*n**2 + 1. Let o = -16713 + 16707. Determine q(o).
6
Let h(q) = 12*q**2 + 26*q - 25. Suppose -304*y = -66*y + 714. Calculate h(y).
5
Let r(x) be the first derivative of 3*x**2/2 - x - 3. Let s(c) = -c**2 - 21*c - 5. Let q be s(-20). Let p be q/(-7) - (-5)/35. Calculate r(p).
-7
Let b = -13720 + 13722. Let n(w) = 38*w + 13. What is n(b)?
89
Let a(v) be the first derivative of -v**3/6 - 2*v**2 + 7*v - 17. Let d(z) be the first derivative of a(z). Let h = 11 - 7. Give d(h).
-8
Let u(s) be the third derivative of s**5/30 + s**4/8 + 6*s**2. Let f(i) = -9*i**2 + 163*i - 21. Let w be f(18). Give u(w).
9
Let q be (-15)/(-4 - -3) + -4. Let c = 11 - q. Suppose -5*w + 4*w = -c*w. Let r(p) = p + 4. Give r(w).
4
Let c(y) be the third derivative of -y**6/120 - 19*y**5/60 + y**4/12 + 17*y**3/3 + 380*y**2 + y. What is c(-19)?
-4
Let s(j) = -j**2 - 7*j + 3. Let n(z) = 14*z**2 + 1. Let u be n(1). Suppose 0 = 13*h - 8*h - u. Suppose 12 = -5*r + h*r. Determine s(r).
9
Let v(k) = -k**3 - 15*k**2 - 14*k + 13. Let m(u) = -u**3 - 2*u**2 + 3. Let l(j) = 2*m(j) - v(j). Give l(12).
17
Suppose -2*u - 2*m + 10 = 0, -u + 1 + 2 = 2*m. Let p be (-2)/3*((-55)/10 + u). Let r(c) = 1. Let h(q) = q. Let i(n) = h(n) + r(n). Give i(p).
0
Suppose -2*n = -3*n + 5. Let b be (-5 - -4)/(-6 + n). Let i(v) = 11*v - 1. What is i(b)?
10
Let o(q) = 5*q**2 - q - 4. Let l be o(-3). Let v = 54 - l. Let a be (9/6)/(5/v). Let r(x) = 3*x + 4. Give r(a).
13
Let w(q) = -q - 14*q + 5 - 2. Let z(r) = -82*r + 53. Let h(c) = -19*c + 12. Let s(j) = -9*h(j) + 2*z(j). Let y(n) = -13*s(n) - 6*w(n). Determine y(6).
2
Let a(h) = -6*h**2 - 4*h + 11. Let l(v) = 5*v**2 + 3*v - 10. Let k = 108 + -104. Let o(g) = k*a(g) + 5*l(g). Give o(4).
6
Let b be (-4)/(36/(-99)) + -9. Let j(c) = -c - 2. Let r(n) be the first derivative of n**2/2 - 3. Let m(i) = -j(i) + 2*r(i). What is m(b)?
8
Let x(f) be the second derivative of -2*f**3/3 + 11*f**2/2 - 3*f - 79. Determine x(4).
-5
Suppose 29*j + 12*j = 246. Let t(n) = -n**2 + 7*n - 12. Give t(j).
-6
Let r(k) = k**3 + 9*k**2 + 23*k + 1. Suppose -68*o - 61*o + 136*o + 35 = 0. Determine r(o).
-14
Let x(a) = -a + 2. Let m(c) = -c + 33. Let o be m(14). Suppose 47 = -5*h + 4*b, 5*h + 3*b = h - o. Determine x(h).
9
Let i be 67/13 + 2/(-13). Let f(t) = -4*t**2 - 9 + 8*t**2 - 5*t**2 - i*t - 8*t. What is f(-12)?
3
Let g(f) = -f**2 - 5*f - 1. Let o(b) = -b**3 + 4*b**2 - 6*b + 7. Suppose 8*y - 22 = 2. Let s be o(y). Let r be -4 - -2*2/s. Calculate g(r).
-7
Let u(v) be the third derivative of v**4/12 + 7*v**3/2 + 191*v**2 - v - 1. What is u(8)?
37
Let y be 7*(-6)/(-84)*-426. Let r = y - -215. Let p(v) = -20*v. Determine p(r).
-40
Let l(g) = -g**2 + 3*g + 3. Suppose 41 = 4*s - 7. Suppose -s*h - 15 + 51 = 0. Give l(h).
3
Suppose 4*f - 7 = 3*f + 2*r, 0 = -5*f - r - 31. Let q(t) = -2*t**2 + 4*t + 10. Calculate q(f).
-60
Let s(z) = -3*z**2 + 3*z + 4. Suppose 6*c - c = f + 3, -3*f + 4*c + 46 = 0. Suppose 0 = f*d - 33*d + 33. Calculate s(d).
-14
Suppose -2*k - 20 = -5*c - 1, 5*c - k = 17. Let i(f) = f**c + 0*f + 3*f + 0*f - 2*f - 5. Let t be i(0). Let z(b) = -b**3 - 6*b**2 - 5*b - 6. What is z(t)?
-6
Let r(p) = -3*p**3 - 47*p**2 + 50*p - 28. Let j(u) = u + 6*u + 13*u - 31*u**2 + 5 - 24 - 2*u**3 + 13*u. Let k(y) = 8*j(y) - 5*r(y). Calculate k(-14).
-12
Let w(h) = -20*h + 27. Let g be w(-6). Let y(p) = g*p + 2 - 49*p - 52*p - 49*p. What is y(5)?
-13
Let y(j) = -j**3 - 3*j**2 + 14*j + 5. Let i(m) = -80*m - 1126. Let d be i(-14). What is y(d)?
29
Let l(d) be the third derivative of d**5/60 - d**4/3 + 11*d**3/6 - 181*d**2. Suppose -27 = -5*u - 3*x, -2*u + 5*x + 13 = 4*x. Determine l(u).
-1
Let f(b) = 55*b**2 - 52*b - 2. Let a(j) = 25*j**2 - 25*j - 1. Let h(t) = 13*a(t) - 6*f(t). What is h(-4)?
-29
Let l(b) = b. Let o(z) = 8*z + 4. Let c(q) = -3*l(q) - o(q). What is c(-3)?
29
Let x(b) = 10*b. Let m(k) = k**2 - 133*k - 547. Let r be m(137). Calculate x(r).
10
Let b(x) = 5*x + 2 - 5 + 1 + 0. Let k(w) be the second derivative of -w**5/20 + 7*w**4/6 - 25*w**3/6 + 15*w**2/2 - 19*w. Let d be k(12). What is b(d)?
13
Let v(k) be the first derivative of k - 1/3*k**3 + 0*k**2 + 48. Let r(b) = -b**3 - 3*b**2 - 1. Let n be r(-3). Calculate v(n).
0
Let i(r) = 3*r - 1. Suppose -34*u = -38*u - 32. Let t(x) = 4*x + 36. Let b be t(u). Calculate i(b).
11
Let q(h) be the first derivative of -h**4/4 - h**3 - h**2/2 - 5*h - 2544. Calculate q(-4).
15
Let x(m) = -m**2 + 2*m + 1. Suppose -4*k - 52 = -4*q, 0 = -6*q + 10*q - 5*k - 55. Suppose -q*y + 34 = 7*y. Calculate x(y).
1
Let x(c) = c**2 - 9*c + 5. Let r(f) = -5*f**2 - 2*f + 3. Let i be r(1). Let p = i - -13. Determine x(p).
5
Let z(a) = a**2 + 25*a 